/((-6 + p)/(-6543)) a prime number?
False
Suppose 259488 = -39*g + 8172. Let x = g + 9023. Is x prime?
True
Let r(w) = 52051*w + 123. Is r(4) prime?
False
Suppose 74*s = 3*g + 76*s - 14091, -g - 3*s + 4690 = 0. Is g composite?
True
Let y(z) = 1416*z + 94. Let f be y(7). Suppose -7*a + f = -22341. Is a prime?
True
Is 5 + (-3)/(-4) + (-1315145)/(-52) a composite number?
True
Suppose -10*u = 6330 + 16180. Is 1 - u - (33 - 32) prime?
True
Suppose 8*l = -5*l + 442. Suppose -1 = -5*p + l. Is (1 - 2)/(p/(-7343)) composite?
False
Let f = -1568152 + 704627. Let d be (-6)/(180/f) + (-2)/12. Suppose -4*a + 2*g = 5*g - d, -35953 = -5*a + 3*g. Is a a composite number?
False
Is 0 + (3/2 - 21547666/(-124)) composite?
False
Let c(x) = -145880*x**3 - 2*x**2 + 13*x + 14. Is c(-1) a prime number?
True
Is (-12)/42 + 18085545/105 a composite number?
False
Suppose -73*d = -32*d - 4596961. Is d composite?
False
Suppose 3*u + j = -0*j + 2897, 2*u - 1931 = -j. Let k = u - -21. Suppose 0*l = -x - 5*l + 329, -k = -3*x - l. Is x prime?
False
Is (-3)/8 - 276469/304*-1210 a prime number?
True
Suppose 3*b = b + 11420. Suppose -83746 = -12*t - b. Is t composite?
True
Suppose 99*r + 74*r - 2430823 = 0. Is r prime?
True
Let m(r) = 525*r**3 + 4*r**2 - 3*r - 9. Let a(o) = -6*o + 50. Let g be a(8). Is m(g) prime?
True
Let d(z) be the second derivative of 35*z**3/6 - 41*z**2/2 + 9*z. Let s be d(20). Let i = s - 465. Is i a prime number?
False
Let u = 87054 + -51865. Let n = 67306 - u. Is n prime?
True
Suppose 4*x + 5 = 17, -j + 2*x + 28174 = 0. Let z be (1/(-2))/((-16)/160). Is 3*j/12*1/z a prime number?
True
Let o = 528048 + -82067. Is o composite?
True
Let c be 5/(-10) - 27841/(-22). Suppose 2*a - 1200 = 62. Suppose -4*v = -0*v + 3*g - c, 2*v - a = -3*g. Is v composite?
False
Let h(d) = 64*d**2 - 10*d - 901. Is h(-66) composite?
False
Suppose -1647 + 183 = -3*r. Suppose 3*k + z = -r, 5*z + 0*z = 5*k + 800. Is 9/(k/(-12)) + 1586/6 a prime number?
False
Let y = 793092 - -300277. Is y prime?
False
Let h be 4/22 - 9600/44. Let y(u) = -7*u**3 + 3*u**2 - 4*u - 5. Let f be y(4). Let o = h - f. Is o a prime number?
False
Let p = 29 - -4. Let i(n) = -p + 3*n**2 + 20 - 19*n**3 + 6*n + 18. Is i(-3) a composite number?
True
Let h(i) = 358*i**3 + 4*i**2 - 128*i - 41. Is h(9) composite?
True
Suppose -5*v - 3*d = 3620, 5*d - 1537 = 2*v - 89. Let n = -552 + v. Let a = n - -3505. Is a composite?
True
Suppose -p - 3*v = 14 + 2, -p - 13 = 2*v. Is 6254 - (3 + -3 - p) a prime number?
True
Is ((-3)/(-9))/(1 - (-1424888)/(-1424892)) a prime number?
False
Suppose 46278 = 3*u - g, 88*u + 4*g + 15415 = 89*u. Is u composite?
False
Let v(i) = 6376*i + 3389. Is v(6) prime?
False
Suppose 0 = -3*p + 15, 6 = 2*c + p - 5. Suppose -c = 2*l - 5. Is 50 - 1/l*1 a prime number?
False
Let h(k) = 2*k**2 - k + 1. Let z be h(1). Suppose -r - 3 = 5*l + 6, 4*l + 6 = -z*r. Is l/(-6) + (-5268)/(-18) composite?
False
Suppose 5*m + 35 = 12*m. Suppose -85 + m = -4*a. Is 8/a - ((-19917)/15)/3 prime?
True
Let j(k) = -k**3 + 5*k**2 + 7*k - 3. Let t be j(-2). Suppose -22502 = -t*y + 9233. Is y a prime number?
False
Let u be 0 + -4 + 4 + 20. Let y = u - 30. Is (725/y)/1*(1 - 3) a prime number?
False
Let l(d) = d**3 - 22*d**2 + 86*d - 12. Let f be l(17). Suppose 5569 = 5*u + n, 491 = -u + f*n + 1610. Is u composite?
True
Suppose -200 = -14*q + 19*q. Let s be q/(-12) - (-4)/6. Let k(g) = 390*g - 1. Is k(s) prime?
True
Let z(m) = -4*m**3 + 43*m**2 + 2*m + 17. Is z(8) a composite number?
True
Suppose -d - 4*t - 7683 = 0, 5*d - 3*t - 10857 + 49157 = 0. Let v = 14742 + d. Is v composite?
False
Suppose -4810870 = -24*v + 2713682. Is v composite?
True
Let d = -98 + 29. Let v = d + 74. Suppose -476 = v*s - 1971. Is s a prime number?
False
Suppose 0 = -2*g + 8*g - 1536. Suppose -4*q + 6 = -2*q. Suppose -3*p + g = -5*t, -2*p - q*p + 5*t = -430. Is p prime?
False
Let n = -273566 + 557699. Suppose -n = -6*h - 92211. Is h a prime number?
False
Suppose -12*i = 6629 - 99434 - 66687. Is i prime?
True
Suppose 520322 + 1891378 = 12*a. Suppose 10*v = 35*v - a. Is v prime?
True
Let a(i) = -18*i**3 - 33*i**2 + 57*i + 453. Is a(-19) composite?
True
Is ((-1515684)/9)/((-16)/12) prime?
True
Let a = -60675 + 96552. Is a a composite number?
True
Suppose -2*u - 18*u + 588571 = -118609. Is u prime?
False
Suppose 151*w - 9469684 = 123*w. Is w a composite number?
False
Let f(l) = 94*l - 28. Let s(b) = -47*b + 13. Let a(c) = -3*f(c) - 7*s(c). Suppose 2 = -2*t + 10. Is a(t) prime?
True
Let i(t) be the third derivative of 53*t**5/60 - t**4/24 - 83*t**3/6 - t**2 - 19. Is i(9) prime?
True
Let s = -227594 + 415207. Is s a composite number?
True
Suppose o = -c + 306304, 0 = -5*c - 874*o + 873*o + 1531508. Is c prime?
True
Let p(f) be the first derivative of 28*f**3/3 - 13*f**2/2 - 7*f - 279. Is p(-14) prime?
False
Suppose -5376289 = -149*u + 108*u. Is u a composite number?
False
Let b be ((-95)/25 - -1)/(8/20). Is (b/14)/((-4)/91288) composite?
False
Let m(u) = 2*u + 22. Let h(t) = -t - 1. Let y(f) = -3*h(f) - m(f). Let g be y(5). Is 2/g + 2796/21 a prime number?
False
Is 63134/(-4)*(-9 - -7) a prime number?
True
Let v(d) = -7*d + 3677. Let a be v(0). Let u = a + -754. Is u prime?
False
Suppose -19*x + 119 - 5 = 0. Suppose -x*r = 9906 - 72468. Is r a prime number?
True
Suppose q - 5*i - 48442 = 0, 0 = 3*q + 42*i - 38*i - 145307. Is q composite?
False
Suppose 4*n - 6848 = 31396. Suppose n = 9*f - 6*f. Suppose -2*h + 10017 = f. Is h composite?
True
Let t(c) = -315*c - 857. Is t(-21) prime?
False
Is 3/5*2*9/(288/11209840) prime?
False
Suppose -5*v = -0*v. Suppose c - 2 + 1 = v, -3*c = -5*d + 1852. Is d a composite number?
True
Suppose 5*b + 3*h + 34 - 99 = 0, -b = 2*h - 6. Let t(i) = 95*i**2 - 32*i - 7. Is t(b) a prime number?
True
Let w(j) = 19673*j**3 + 11*j**2 - 4*j - 43. Is w(3) prime?
False
Let j = 72322 + -41309. Is j a composite number?
False
Let z = 215872 + -108879. Is z prime?
True
Let a be -15*(8/(-12))/2. Suppose 0 = -0*f - a*f + 25, -m + 24 = 4*f. Suppose -3*k - 5*c + 3719 = k, 0 = 3*k - m*c - 2766. Is k prime?
False
Let x = -280 - -386. Let w = x - -105. Is w a prime number?
True
Let l be (-1402896)/(-126) + 8/(-84). Let p = -4329 + l. Is p a composite number?
True
Suppose g + 140374 = 4*u, -g - 82116 = -2*u - 11928. Is u a prime number?
False
Let c(f) = -31*f + 248. Let p be c(-29). Suppose 10*d + p = 6557. Is d a prime number?
True
Suppose 4*a - 5*a = -2. Suppose 13*n + n - 2282 = 0. Is ((-6)/a - -3) + n a prime number?
True
Let d(x) = 237*x + 98. Let t be d(-5). Let k = 18170 + t. Is k prime?
False
Let u(i) = -4*i**3 - 43*i**2 - 56*i + 80. Is u(-33) prime?
True
Let i(y) = -13 + 20 + 10 - 608*y. Let m be i(3). Let k = m + 2748. Is k prime?
True
Suppose 3*k = -1384 - 1571. Let c = k + 4876. Is c a prime number?
False
Is ((-3)/(-30) - (-3136266)/(-135))*4/(-2) composite?
True
Suppose h - 124285 = -4*a + 261258, -4*h - 2*a = -1542228. Is h prime?
True
Is ((-2026)/(-5))/((-91)/(-66885)) + 4/(-4) prime?
False
Is (14/(-7))/((-2)/547817) a composite number?
False
Is 4/(-14) - (402919/(-22))/(14/668) composite?
False
Suppose 5*x + 211545 = 3*b + 2*x, 4*b - 5*x = 282062. Is b a prime number?
False
Let j = 626 + -622. Suppose -4*q + 1019 = 2*u - 25047, -4*u + j*q + 52096 = 0. Is u a composite number?
True
Suppose 18*v = 22*v + 8, 0 = 2*l - 4*v - 1520694. Is l composite?
False
Let j = 974612 + -575589. Is j a prime number?
True
Let v = -206 - -201. Is ((-4128)/15 + -5)*v composite?
True
Let j be (0 + 5)/((-18)/(-1422)). Let y = j - -216. Suppose 0 = 3*x - r - y, 2*r + 209 = x - r. Is x a prime number?
False
Let h(d) = -d**3 + 4*d**2 + 9*d + 11. Let v be 2/(-10) - (-1)/((-5)/(-351)). Let f be v/(-12) + (2 - (-13)/(-6)). Is h(f) a composite number?
False
Let o be (-1257)/(-15) - 7/(-35). Suppose -d - 4*z - 8 = 0, 5*d - 3*z = -z - o. Let x(t) = t**3 + 20*t**2 - 18*t + 7. Is x(d) prime?
True
Suppose 61*s = 50*s + 3210093 + 2636924. Is s composite?
False
Suppose 0 = -5*y - 15, 2*h + 2*y + 2*y = -16. Is (h*1/(-2))/(114/51186) composite?
False
Suppose 23*q - 105918 = 9749. Is q a composite number?
True
Let s = 2909 + -1684. Let z be (-1 + (-2220)/(-100))*-5. Let k = s + z. Is k composite?
True
Let t(q) = -4*q**3 - 4*q**2 + 2*q + 3. Let d be t(-3). Let k = d - 44. Suppo